test common divisor of 52 and 351.
13
What is the highest common divisor of 72 and 128?
8
What is the greatest common divisor of 62 and 8773?
31
What is the highest common divisor of 76 and 108?
4
What is the greatest common factor of 30 and 9?
3
Calculate the greatest common divisor of 7 and 1337.
7
What is the greatest common factor of 252 and 11718?
126
What is the greatest common divisor of 486 and 6?
6
What is the greatest common divisor of 25 and 50?
25
Calculate the highest common divisor of 119 and 459.
17
What is the greatest common divisor of 172 and 88?
4
What is the greatest common divisor of 21 and 1673?
7
Calculate the highest common factor of 4543 and 77.
77
Calculate the greatest common divisor of 791 and 113.
113
What is the greatest common factor of 171 and 1311?
57
What is the highest common divisor of 54 and 42?
6
Calculate the greatest common divisor of 54 and 126.
18
What is the greatest common factor of 54 and 738?
18
Calculate the highest common divisor of 12 and 12.
12
Calculate the greatest common factor of 261 and 841.
29
Calculate the highest common factor of 1376 and 64.
32
What is the greatest common divisor of 208 and 169?
13
Calculate the highest common factor of 22 and 22.
22
Calculate the greatest common factor of 153 and 18.
9
Calculate the highest common divisor of 608 and 38.
38
Calculate the highest common factor of 3 and 48.
3
What is the greatest common divisor of 6225 and 332?
83
What is the highest common divisor of 273 and 39?
39
Calculate the greatest common factor of 5215 and 35.
35
Calculate the greatest common factor of 120 and 585.
15
Calculate the greatest common divisor of 248 and 8.
8
Calculate the greatest common factor of 1254 and 228.
114
Calculate the greatest common divisor of 8 and 72.
8
Calculate the greatest common divisor of 158 and 79.
79
Calculate the highest common divisor of 3223 and 55.
11
What is the highest common divisor of 304 and 418?
38
Calculate the greatest common divisor of 67 and 5092.
67
Calculate the highest common factor of 141 and 188.
47
Calculate the greatest common factor of 221 and 13.
13
Calculate the highest common factor of 1738 and 22.
22
What is the highest common factor of 400 and 224?
16
What is the highest common factor of 48 and 4?
4
Calculate the highest common factor of 224 and 5280.
32
Calculate the highest common divisor of 130 and 300.
10
Calculate the highest common divisor of 26 and 3159.
13
What is the highest common divisor of 12 and 272?
4
Calculate the greatest common factor of 176 and 737.
11
What is the greatest common factor of 64 and 40?
8
Calculate the greatest common divisor of 540 and 60.
60
What is the highest common factor of 20315 and 170?
85
What is the highest common divisor of 15876 and 245?
49
Calculate the highest common divisor of 273 and 6201.
39
Calculate the greatest common divisor of 2600 and 65.
65
Calculate the highest common divisor of 10 and 460.
10
What is the highest common factor of 141 and 94?
47
What is the highest common divisor of 568 and 56?
8
Calculate the greatest common divisor of 21 and 14.
7
Calculate the greatest common factor of 5921 and 31.
31
What is the greatest common divisor of 1484 and 644?
28
Calculate the greatest common factor of 97 and 1.
1
What is the greatest common factor of 64 and 22?
2
Calculate the highest common divisor of 23 and 174.
1
What is the highest common divisor of 7245 and 276?
69
What is the greatest common divisor of 37 and 2923?
37
What is the highest common divisor of 40 and 40?
40
Calculate the highest common factor of 6912 and 54.
54
Calculate the highest common divisor of 8579 and 23.
23
What is the greatest common factor of 13 and 637?
13
Calculate the highest common divisor of 114 and 38.
38
What is the highest common divisor of 403 and 39?
13
What is the greatest common factor of 4 and 488?
4
What is the greatest common divisor of 4416 and 23?
23
Calculate the greatest common factor of 60 and 324.
12
Calculate the greatest common factor of 1485 and 220.
55
Calculate the greatest common factor of 3400 and 75.
25
Calculate the highest common divisor of 8 and 12664.
8
What is the highest common factor of 226 and 113?
113
What is the highest common divisor of 4 and 482?
2
Calculate the highest common factor of 352 and 407.
11
What is the highest common factor of 3 and 1128?
3
Calculate the highest common factor of 28 and 532.
28
Calculate the greatest common divisor of 1 and 25.
1
What is the highest common factor of 92 and 23552?
92
What is the highest common factor of 1233 and 9?
9
What is the highest common divisor of 1264 and 16?
16
What is the highest common factor of 161 and 12880?
161
What is the highest common divisor of 2 and 19?
1
Calculate the highest common factor of 23 and 989.
23
What is the highest common factor of 156 and 390?
78
What is the highest common divisor of 15 and 125?
5
What is the greatest common factor of 7 and 133?
7
What is the greatest common divisor of 207 and 345?
69
Calculate the greatest common factor of 396 and 45.
9
What is the greatest common factor of 300 and 36?
12
Calculate the greatest common divisor of 170 and 5.
5
What is the greatest common divisor of 5 and 45?
5
What is the highest common divisor of 120 and 30?
30
What is the greatest common divisor of 1512 and 144?
72
Calculate the highest common factor of 27600 and 75.
75
What is the highest common factor of 10 and 45?
5
Calculate the highest common divisor of 27 and 2133.
27
What is the greatest common divisor of 44 and 1012?
44
What is the greatest common divisor of 231 and 6160?
77
What is the greatest common divisor of 738 and 410?
82
Calculate the highest common factor of 47 and 2021.
47
What is the highest common divisor of 160 and 180?
20
Calculate the highest common divisor of 4103 and 88.
11
What is the greatest common factor of 140 and 70?
70
Calculate the greatest common factor of 117 and 663.
39
What is the greatest common factor of 30 and 2820?
30
Calculate the highest common factor of 217 and 558.
31
Calculate the highest common divisor of 1254 and 66.
66
Calculate the greatest common factor of 62 and 6.
2
Calculate the greatest common factor of 27 and 42741.
27
Calculate the greatest common factor of 10 and 50.
10
Calculate the greatest common divisor of 117 and 13.
13
Calculate the greatest common divisor of 20 and 39.
1
What is the greatest common divisor of 3096 and 1075?
43
What is the highest common divisor of 200 and 5?
5
Calculate the greatest common divisor of 96 and 2064.
48
Calculate the greatest common factor of 10530 and 243.
81
Calculate the highest common divisor of 545 and 330.
5
Calculate the greatest common divisor of 122 and 61.
61
What is the greatest common factor of 60 and 1380?
60
What is the highest common factor of 245 and 63?
7
What is the highest common factor of 312 and 234?
78
What is the highest common factor of 14 and 6398?
14
Calculate the highest common factor of 17679 and 639.
213
Calculate the greatest common factor of 1946 and 14.
14
What is the greatest common factor of 42810 and 30?
30
What is the greatest common divisor of 322 and 14?
14
Calculate the greatest common divisor of 56 and 106.
2
Calculate the greatest common divisor of 61698 and 21.
21
Calculate the greatest common factor of 75 and 75.
75
Calculate the greatest common factor of 77 and 407.
11
What is the highest common divisor of 861 and 84?
21
What is the highest common divisor of 391 and 46?
23
Calculate the greatest common divisor of 2060 and 180.
20
What is the greatest common divisor of 320 and 496?
16
Calculate the highest common divisor of 27 and 225.
9
Calculate the greatest common factor of 1368 and 36.
36
What is the highest common factor of 27 and 8064?
9
Calculate the highest common factor of 8959 and 124.
31
Calculate the highest common factor of 44 and 36.
4
Calculate the greatest common divisor of 33 and 88.
11
Calculate the greatest common divisor of 76 and 11172.
76
What is the greatest common factor of 2925 and 819?
117
What is the highest common factor of 66 and 3058?
22
What is the highest common divisor of 180 and 240?
60
What is the greatest common divisor of 822 and 6?
6
What is the greatest common factor of 27 and 1431?
27
Calcula